(g).
-91
Suppose -4*u - 19*y - 3 = -16*y, -5*u + 4*y = 27. Let s(a) = 4*a - 3. Give s(u).
-15
Let x(j) = j + 28. Let b be x(-14). Suppose 5*r - b = r + l, 8 = 3*r - 2*l. Let o(v) = 2*v**2 - 5*v + 4. Calculate o(r).
16
Let c = -144 - -158. Let h(m) = -34*m + c*m + 14*m + 10*m. Let s(j) = -j. Let g be s(-1). What is h(g)?
4
Let i(m) = -m**3 + 10*m**2 - 10*m + 16. Let h = -805 + 810. Suppose h*w - 17*w = -108. What is i(w)?
7
Let p(a) = -a**2 - 7*a + 2. Let u(f) = f**3 + 7*f**2 - 8*f - 31. Let k be u(-6). Suppose -7*l + 4 - k = 0. Calculate p(l).
2
Let x(t) = -7*t**3 - 28*t**2 - 83*t - 3. Let h(g) = -4*g**3 - 14*g**2 - 40*g - 1. Let m(b) = -5*h(b) + 3*x(b). Give m(-8).
4
Let q(c) = 43*c**3 + 29*c - 46. Let n(k) = 26*k**3 - k**2 + 14*k - 24. Let v(l) = 5*n(l) - 3*q(l). Calculate v(7).
-3
Let x be 1/(-4) + (230/(-8))/5. Let g = -4 - x. Suppose 5*c = -3*r + 2 - 3, -4*c = r - g. Let m(y) = -14*y. What is m(c)?
-14
Suppose 59*v - 17*v = 0. Let x(s) = 2*s**2 + s - 4. Calculate x(v).
-4
Let v be ((-3 - -3) + 27)/((-3)/3). Let q = 42 + v. Suppose 6*c - 8*c + q = 3*d, -2 = -2*d. Let x(s) = s**2 - 6*s - 2. What is x(c)?
-2
Let k be 1*6/(-9) + (-1665)/135. Let r(f) = -f**2 - 15*f - 32. Determine r(k).
-6
Let k(j) = -2*j**2 + 17 + j**2 - 133*j - 141*j + 277*j. What is k(7)?
-11
Let q = 418 - 416. Let b(p) = -8*p + 0 + 2*p**2 - 1 + q + 10*p - 4*p. Suppose 2*o = 4*a - 10, 3*o = 3*a + 5*o + 3. Give b(a).
1
Let t(i) = 2*i**2 + i - 2. Let p(z) be the third derivative of -11*z**5/60 - z**4/2 + 13*z**3/6 - 2*z**2 - 94. Let h(v) = p(v) + 6*t(v). What is h(5)?
-4
Let i(y) = -15*y + 580 - 1133 + 552. Let h be (2/3)/((-2)/(-3)). Give i(h).
-16
Let z be (-18)/(-4)*(-20)/(-15)*-1. Let h be z - -19 - ((-20)/(-2))/2. Let m(g) = -g**3 + 7*g**2 + 8*g. Determine m(h).
0
Let z(i) = 35*i + 27. Let r(h) = -64*h - 56. Let t(n) = -4*r(n) - 7*z(n). Calculate t(-4).
-9
Let z(m) = 14*m**2 + 6*m + 9. Let l(a) = 5*a**2 + 2*a + 2. Let s(u) = 11*l(u) - 4*z(u). Suppose -49*j = -5*j. Determine s(j).
-14
Suppose -5*s = -b, -s + 76 - 97 = 4*b. Let z be (0 - -4)*(-7 + 6). Let i(h) = 5*h + 4. Let d(c) = 10*c + 9. Let w(r) = z*d(r) + 9*i(r). Calculate w(s).
-5
Let j(i) = -i**2 + i + 3. Let y(x) = x**3 - 16*x**2 + 18*x - 40. Let o be y(15). Suppose -3*z - d = -32, o*z - d = 2*z + 28. Suppose 4 = -w + z. Give j(w).
-27
Let i(s) = -125*s - 9 + 114*s - s**2 + 0*s**2. Let g(m) = 175*m**2 - 11*m + 171*m**2 - 6 - 347*m**2. Let b be g(-11). What is i(b)?
21
Let p be (-2)/(11 - (-45)/(-4)). Let q(u) = 2*u**2 - 2*u - 7. Give q(p).
105
Let u(n) = n**2 + 2*n - 9. Let h(g) = -9*g**2 - 522*g. Let p be h(-58). Determine u(p).
-9
Suppose -4*y + 2 - 14 = 0. Let g(d) = 3*d**3 - 3*d**2 - 7*d + 1. Let c(a) = -16*a**3 + 19*a**2 + 40*a - 4. Let h(r) = 2*c(r) + 11*g(r). Determine h(y).
12
Let d(k) = -k**3 + 19*k**2 - 21*k + 34. Let v(x) = -3*x**2 + 4*x - 7. Let m(a) = -2*d(a) - 11*v(a). Calculate m(3).
12
Let q be (198/45)/(0 - (-2)/5). Suppose -2*h - 5*x - q = 0, -2*x - 5 - 12 = 5*h. Let y(f) = f**3 + 5*f**2 + 3*f - 3. Calculate y(h).
6
Let r(w) = -3*w + 4. Let i(o) = 19*o - 52. Let n(s) = -i(s) - 6*r(s). Let d(q) = -q**3 - 14*q**2 - 13*q. Let p be d(-13). Give n(p).
28
Let i = 18 + -14. Suppose 3*v + 4*y = 0, 0*v = 4*v + i*y - 4. Let h(m) be the first derivative of -m**2/2 + m - 46. Calculate h(v).
-3
Let j(q) = -86*q - 142. Let g(o) = -24*o + 2. Let n(i) = -4*g(i) + j(i). Give n(14).
-10
Let k(h) = h**2 + 54*h + 615. Let p be k(-16). Let i(d) = 4*d - 23. Give i(p).
5
Let w(y) = -2*y**3 - 12*y**2 + 4*y + 32. Let n be w(-6). Let b = n + 4. Let x(z) = z - 16. What is x(b)?
-4
Let m be (-3)/7 + 180/28. Let c(n) = -30. Let l(y) = y - 28. Let k(t) = 4*c(t) - 5*l(t). What is k(m)?
-10
Let s(b) = b**2 + 3*b. Let x be (48/(-96))/(((-1)/1)/(-48)). Let n = 19 + x. What is s(n)?
10
Let y(p) = 13*p + 4. Let l(m) = -7*m - 2. Let c(v) = -5*l(v) - 2*y(v). Let q(u) = -2*u + 7. Let o be q(4). Determine c(o).
-7
Let y(b) be the third derivative of -b**6/120 - b**5/30 + b**4/6 + 4*b**3/3 - b**2 + 52. What is y(-4)?
24
Suppose -4*r - 2*t - 126 = 0, 5*r - 40 + 196 = -3*t. Let y(m) = 15*m - 2. Let g be y(2). Let o = r + g. Let u(h) = h**2 + 5*h + 5. What is u(o)?
5
Let y(k) be the third derivative of k**5/60 - 7*k**4/24 - k**3/2 + 1312*k**2. Suppose 15 = 5*t, -5*t - 13 = -s - 6*t. What is y(s)?
27
Let s(z) = z**2 + 8*z + 11. Let m(w) = -w**3 - 18*w**2 + 41*w + 3. Let j be m(-20). Let n(h) = -4*h - 75. Let r be n(j). Give s(r).
4
Let b(v) = 3*v - 3*v + 10*v - 24 + 22. Let q(o) = 3*o - 1. Let w be (2 + -5 - -1)*7. Let t(u) = w*q(u) + 4*b(u). What is t(6)?
-6
Let c(x) be the first derivative of x**6/6 - x**5/30 + x**3/6 - 3*x**2/2 - 1. Let r(y) be the second derivative of c(y). Let k = 50 + -51. Determine r(k).
-21
Suppose 0 = 5*m + n - 68, 44 = 2*m + 3*n + 9. Let d(h) = h**3 - 13*h**2 + 2. Let u be d(m). Let b(z) = -6*z - 3*z**u + 0*z**2 + 2*z**2 + 0*z. Calculate b(-6).
0
Let b be -2 - 4/(-1 + 3). Let m(s) = 4*s**2 - 138 + s**3 + 51 + 82 + s. Determine m(b).
-9
Suppose 0*b = -b. Let f(i) = 26*i**3 - 1 + 2*i**2 + b*i**2 - 25*i**3. Let p be f(-1). Let w(n) = -n**2. Give w(p).
0
Suppose 41*u + 1240 = -83*u. Let q(n) = -11*n**2 - 9*n - 7. Let z(r) = -r**3 - r + 1. Let h(t) = -q(t) - z(t). Calculate h(u).
6
Suppose -5*s = -s. Let k(w) = 47*w - 943. Let u be k(21). Suppose 10*a + a - u = s. Let j(p) = 2*p - 1. Calculate j(a).
7
Let v(p) = -p**3 - 5*p**2 - 2*p + 4. Let i = -61 - -53. Let j be i/(-3)*-1*15/10. What is v(j)?
-4
Let m be (2/3)/(6/180). Let c(f) be the second derivative of f**4/12 - 19*f**3/6 - 23*f**2/2 + 898*f. What is c(m)?
-3
Suppose 5*y - y - 564 = 0. Let b = -139 + y. Let r(x) = x**2 - 2*x + 3. What is r(b)?
3
Let x(k) = 2*k**2 + 10*k - 7. Let h(l) = -l**2 - 9*l + 6. Let t(u) = -4*h(u) - 3*x(u). Let m = -40 - -44. Suppose 0 = -21*s + 20*s + m. Determine t(s).
-11
Let c(v) = 3*v**2 + 16*v + 20. Suppose -2*k - 3 = y + 2, k - 5*y + 19 = 0. Calculate c(k).
4
Suppose -5 - 3 = -4*y. Suppose 14 + y = 2*l. Let t = l - 17. Let i(h) = -h - 1. Give i(t).
8
Let c = 87/2 + -43. Let i(d) be the first derivative of -3*d - 18 + c*d**2. Give i(3).
0
Let r(z) = -12*z + 54. Let t(q) = -9*q + 55. Let o(w) = 2*r(w) - 3*t(w). Give o(20).
3
Suppose -5*b = 2*g + 125, -2 = -2*b + b + 5*g. Let n be 25 + b - (0 - 3). Let v(r) = 5*r - 11*r + 1 + r**2 + 3. Calculate v(n).
-1
Let a(j) = j**3 - 7*j**2 + 14. Let r be (66/15 - 28/70)/((-4)/(-7)). Calculate a(r).
14
Let t(p) = 4*p - 3. Suppose 0 = -86*m - 186 - 10 - 234. What is t(m)?
-23
Let y(z) = -z**2 + 15*z - 38. Let a(o) = -o**3 + 14*o**2 - 35*o - 16. Let c be a(4). Determine y(c).
6
Let x(m) be the first derivative of -m**4/4 - m**3/3 + 5*m**2 - m + 1031. Give x(-4).
7
Let d(t) be the first derivative of -t**4 - 2*t**3/3 + t**2/2 - t - 12. Suppose -1304*q + 1301*q - 6 = 0. What is d(q)?
21
Let d(f) = 337*f + 14 + 344*f + 358*f - 1050*f - f**2. Calculate d(2).
-12
Let h(s) be the first derivative of s**4/4 - 4*s**3 - 43*s**2/2 - 31*s - 402. Determine h(15).
-1
Let c(o) = o**3 - 13*o**2 + 2*o - 25. Let p be ((-1)/3*13)/(2 - (-70)/(-30)). Calculate c(p).
1
Suppose 8 = -3*b + 20. Suppose 0 = k - 4, 12 = -0*o - 2*o + b*k. Let f(u) = -7*u + u**2 + 2*u**o - 2*u**2. Determine f(7).
0
Let c(i) = 2*i**2 + 17*i + 31. Let t = -134 - -131. Let x be c(t). Let r(u) = -8*u - 1. Calculate r(x).
15
Let y = 24 + -16. Let w(p) = 19*p**2 + 7*p + 12. Let d(m) = -15*m**2 - 7*m - 11. Let r = -450 - -455. Let x(i) = r*d(i) + 4*w(i). Give x(y).
1
Suppose 11*y + 160 = 820. Let m be -5*((-1)/(-2))/(y/(-336)). Let f(a) = -a**2 + 15*a - 8. Give f(m).
6
Let w(h) = h - 25. Let y(m) = 2*m - 48. Let c(l) = -5*w(l) + 2*y(l). Let a be c(26). Let x(k) = -6*k - 2. Determine x(a).
-20
Let x(f) be the first derivative of -1/2*f**2 + 65 + 0*f + 8/3*f**3. Calculate x(1).
7
Let n be 6/10 - (-144)/(-90) - -3. Let d(j) = j - j + n*j - j - 2*j. What is d(-12)?
12
Let l(f) be the second derivative of f**5/20 - f**4/12 + 13*f**2/2 + 49*f + 1. Calculate l(0).
13
Let s(y) = 4 + 5*y - 1 + y. Let a(u) = -5*u - 4. Let c(i) = 5*a(i) + 4*s(i). Let t(p) = -2*p**2 + 59*p - 29. Let n be t(29). Determine c(n).
-8
Let d(h) = -5 - h**2 + 4 - 3*h**2. Let w = -1123 - -1115. Let f(c) = -11*c - 87. Let l be f(w). Calculate d(l).
-5
Let k(p) be the second derivat